{"id":1350,"date":"2020-01-10T12:46:13","date_gmt":"2020-01-10T11:46:13","guid":{"rendered":"https:\/\/www.angelika-kemeter.at\/startseite\/?page_id=1350"},"modified":"2026-03-18T15:51:08","modified_gmt":"2026-03-18T14:51:08","slug":"ueber-uns","status":"publish","type":"page","link":"https:\/\/www.angelika-kemeter.at\/startseite\/ueber-uns\/","title":{"rendered":"\u00dcber uns"},"content":{"rendered":"<p>[et_pb_section fb_built=&#8221;1&#8243; fullwidth=&#8221;on&#8221; _builder_version=&#8221;4.16&#8243; border_width_all=&#8221;1px&#8221; border_color_all=&#8221;#9ac43b&#8221; border_style_all=&#8221;dotted&#8221; global_colors_info=&#8221;{}&#8221;][et_pb_fullwidth_menu menu_style=&#8221;centered&#8221; fullwidth_menu=&#8221;on&#8221; dropdown_menu_bg_color=&#8221;#FFFFFF&#8221; dropdown_menu_line_color=&#8221;#ffffff&#8221; dropdown_menu_text_color=&#8221;#6b8c2c&#8221; dropdown_menu_active_link_color=&#8221;#9ac43b&#8221; mobile_menu_bg_color=&#8221;#FFFFFF&#8221; mobile_menu_text_color=&#8221;#9ac43b&#8221; logo=&#8221;https:\/\/www.angelika-kemeter.at\/startseite\/wp-content\/uploads\/2016\/02\/Logo_Final-300&#215;110.jpg&#8221; logo_max_height=&#8221;200px&#8221; _builder_version=&#8221;4.16&#8243; menu_font=&#8221;|||on|||||&#8221; menu_text_color=&#8221;#6b8c2c&#8221; menu_font_size=&#8221;16px&#8221; custom_margin=&#8221;7px||||false|false&#8221; border_color_all=&#8221;#9ac43b&#8221; border_style_all=&#8221;dotted&#8221; global_colors_info=&#8221;{}&#8221;][\/et_pb_fullwidth_menu][\/et_pb_section][et_pb_section fb_built=&#8221;1&#8243; admin_label=&#8221;Oben&#8221; _builder_version=&#8221;4.16&#8243; background_enable_image=&#8221;off&#8221; background_size=&#8221;contain&#8221; background_position=&#8221;top_right&#8221; custom_margin=&#8221;|||&#8221; custom_padding=&#8221;0%|2px|0%|||&#8221; border_color_all=&#8221;#9ac43c&#8221; global_colors_info=&#8221;{}&#8221;][et_pb_row column_structure=&#8221;3_5,2_5&#8243; _builder_version=&#8221;4.16&#8243; custom_margin=&#8221;||-20px||false|false&#8221; custom_padding=&#8221;18px|||||&#8221; global_colors_info=&#8221;{}&#8221;][et_pb_column type=&#8221;3_5&#8243; _builder_version=&#8221;4.16&#8243; custom_padding=&#8221;1px|||&#8221; global_colors_info=&#8221;{}&#8221; custom_padding__hover=&#8221;|||&#8221;][et_pb_cta title=&#8221;Ich bin Angelika Kemeter&#8221; button_url=&#8221;#&#8221; _builder_version=&#8221;4.16&#8243; header_level=&#8221;h1&#8243; header_font=&#8221;Lato|900||on|||||&#8221; header_text_color=&#8221;#9ac43c&#8221; header_font_size=&#8221;30px&#8221; header_letter_spacing=&#8221;2px&#8221; header_line_height=&#8221;1.3em&#8221; body_font=&#8221;Lato||||||||&#8221; body_text_color=&#8221;#424242&#8243; body_font_size=&#8221;18px&#8221; body_line_height=&#8221;1.4em&#8221; use_background_color=&#8221;off&#8221; custom_button=&#8221;on&#8221; button_text_size=&#8221;16px&#8221; button_text_color=&#8221;#ffffff&#8221; button_bg_color=&#8221;#18a529&#8243; button_border_width=&#8221;6px&#8221; button_border_color=&#8221;#18a529&#8243; button_border_radius=&#8221;5px&#8221; button_letter_spacing=&#8221;2px&#8221; button_font=&#8221;Lato|900||on|||||&#8221; text_orientation=&#8221;left&#8221; max_width=&#8221;750px&#8221; module_alignment=&#8221;center&#8221; custom_margin=&#8221;|-74px||||&#8221; animation_style=&#8221;fold&#8221; animation_intensity_fold=&#8221;16%&#8221; header_font_size_tablet=&#8221;30px&#8221; header_font_size_phone=&#8221;30px&#8221; header_font_size_last_edited=&#8221;on|tablet&#8221; box_shadow_style_button=&#8221;preset3&#8243; box_shadow_blur_button=&#8221;30px&#8221; box_shadow_spread_button=&#8221;8px&#8221; box_shadow_color_button=&#8221;rgba(250,127,40,0.15)&#8221; button_letter_spacing_hover=&#8221;2px&#8221; global_colors_info=&#8221;{}&#8221; button_text_size__hover_enabled=&#8221;off&#8221; button_one_text_size__hover_enabled=&#8221;off&#8221; button_two_text_size__hover_enabled=&#8221;off&#8221; button_text_color__hover_enabled=&#8221;off&#8221; button_one_text_color__hover_enabled=&#8221;off&#8221; button_two_text_color__hover_enabled=&#8221;off&#8221; button_border_width__hover_enabled=&#8221;off&#8221; button_one_border_width__hover_enabled=&#8221;off&#8221; button_two_border_width__hover_enabled=&#8221;off&#8221; button_border_color__hover_enabled=&#8221;off&#8221; button_one_border_color__hover_enabled=&#8221;off&#8221; button_two_border_color__hover_enabled=&#8221;off&#8221; button_border_radius__hover_enabled=&#8221;off&#8221; button_one_border_radius__hover_enabled=&#8221;off&#8221; button_two_border_radius__hover_enabled=&#8221;off&#8221; button_letter_spacing__hover_enabled=&#8221;on&#8221; button_letter_spacing__hover=&#8221;2px&#8221; button_one_letter_spacing__hover_enabled=&#8221;off&#8221; button_two_letter_spacing__hover_enabled=&#8221;off&#8221; button_bg_color__hover_enabled=&#8221;off&#8221; button_one_bg_color__hover_enabled=&#8221;off&#8221; button_two_bg_color__hover_enabled=&#8221;off&#8221;]<\/p>\n<p>Ich wurde 1972 Graz geboren und bin in der Steiermark aufgewachsen. Auf Grund meiner touristisch\/kaufm\u00e4nnischen Ausbildung hat es mich erst einmal nach Wien verschlagen, danach folgten einige Stationen im Burgenland und schlie\u00dflich bin ich in Bruderndorf in Nieder\u00f6sterreich sesshaft geworden.<\/p>\n<p>Ich war lange Zeit auf der Suche nach mir selbst und habe mit Mitte Drei\u00dfig, nachdem ich meine beiden Kinder gro\u00dfgezogen habe, beschlossen, mich mehr damit zu befassen, was mich gl\u00fccklich macht.<\/p>\n<p>Begonnen hat dieser Weg zun\u00e4chst einmal mit der Ausbildung zum Lebens- und Sozialberater, gefolgt von der Kinesiologie, um schlussendlich bei meiner gro\u00dfen Leidenschaft der Massage &amp; Therapie anzukommen.<\/p>\n<p>Ich bin nun als Wahltherapeutin (Verrechnung mit den Krankenkassen m\u00f6glich) in Wien und Stockerau t\u00e4tig und versuche, aus all meinen Ausbildungen und Erfahrungen das Beste f\u00fcr den Patienten zu erreichen.<\/p>\n<p>[\/et_pb_cta][\/et_pb_column][et_pb_column type=&#8221;2_5&#8243; _builder_version=&#8221;4.16&#8243; global_colors_info=&#8221;{}&#8221;][et_pb_image src=&#8221;https:\/\/www.angelika-kemeter.at\/startseite\/wp-content\/uploads\/2016\/02\/Portrait_rund_bearbeitet_gross.png&#8221; _builder_version=&#8221;4.16&#8243; global_colors_info=&#8221;{}&#8221;][\/et_pb_image][\/et_pb_column][\/et_pb_row][et_pb_row column_structure=&#8221;1_2,1_2&#8243; use_custom_gutter=&#8221;on&#8221; gutter_width=&#8221;2&#8243; _builder_version=&#8221;4.16&#8243; width=&#8221;100%&#8221; module_alignment=&#8221;center&#8221; custom_margin=&#8221;-24px|auto||auto||&#8221; custom_padding=&#8221;||0px|||&#8221; global_colors_info=&#8221;{}&#8221;][et_pb_column type=&#8221;1_2&#8243; _builder_version=&#8221;4.16&#8243; custom_padding=&#8221;|||&#8221; global_colors_info=&#8221;{}&#8221; custom_padding__hover=&#8221;|||&#8221;][et_pb_blurb title=&#8221;Meine Ausbildungen&#8221; use_icon=&#8221;on&#8221; font_icon=&#8221;&#xe107;||divi||400&#8243; icon_color=&#8221;#ffffff&#8221; image_icon_background_color=&#8221;#9ac43c&#8221; image_icon_width=&#8221;40px&#8221; _builder_version=&#8221;4.16&#8243; header_level=&#8221;h2&#8243; header_font=&#8221;Lato|900||on|||||&#8221; header_text_color=&#8221;#4f4f4f&#8221; header_font_size=&#8221;18px&#8221; header_letter_spacing=&#8221;1px&#8221; header_line_height=&#8221;1.4em&#8221; body_font=&#8221;Lato||||||||&#8221; body_text_color=&#8221;#606060&#8243; body_font_size=&#8221;17px&#8221; body_line_height=&#8221;1.4em&#8221; background_color=&#8221;#ffffff&#8221; image_icon_custom_padding=&#8221;25px|25px|25px|25px|false|false&#8221; text_orientation=&#8221;center&#8221; min_height=&#8221;343px&#8221; custom_margin=&#8221;||0px||false|false&#8221; custom_padding=&#8221;23px|40px|31px|40px|false|false&#8221; animation=&#8221;off&#8221; border_radii=&#8221;on|10px|10px|10px|10px&#8221; border_color_all=&#8221;#9ac43c&#8221; border_width_top=&#8221;10px&#8221; border_radii_image=&#8221;on|100%|100%|100%|100%&#8221; box_shadow_style=&#8221;preset2&#8243; box_shadow_horizontal=&#8221;0px&#8221; box_shadow_blur=&#8221;54px&#8221; box_shadow_spread=&#8221;17px&#8221; box_shadow_color=&#8221;rgba(0,0,0,0.04)&#8221; icon_font_size=&#8221;40px&#8221; use_circle=&#8221;on&#8221; circle_color=&#8221;#9ac43c&#8221; global_colors_info=&#8221;{}&#8221; image_icon_background_color__sticky_enabled=&#8221;#6d8d2c&#8221; image_icon_background_color__sticky=&#8221;#6d8d2c&#8221;]<\/p>\n<ul>\n<li style=\"text-align: left;\">Heilmasseurin<\/li>\n<li style=\"text-align: left;\">Medizinische Masseurin mit der Spezialqualifikation Elektrotherapie<\/li>\n<li style=\"text-align: left;\">Osteopathie nach Ackermann<\/li>\n<li style=\"text-align: left;\">Cranio Sacral Therapie nach Upledger<\/li>\n<li style=\"text-align: left;\">ADHS Trainerin f\u00fcr Kinder nach Lauth &amp; Schlottke<\/li>\n<li style=\"text-align: left;\">Dipl. Kinesiologin<\/li>\n<li style=\"text-align: left;\">Dipl. Lebens- und Sozialberaterin u.S.<\/li>\n<li style=\"text-align: left;\">Dipl. Tourismuskauffrau<\/li>\n<\/ul>\n<p>[\/et_pb_blurb][\/et_pb_column][et_pb_column type=&#8221;1_2&#8243; _builder_version=&#8221;4.16&#8243; custom_padding=&#8221;|||&#8221; global_colors_info=&#8221;{}&#8221; custom_padding__hover=&#8221;|||&#8221;][et_pb_blurb title=&#8221;Was ich \u00fcber mich sagen kann&#8221; use_icon=&#8221;on&#8221; font_icon=&#8221;&#x76;||divi||400&#8243; icon_color=&#8221;#ffffff&#8221; image_icon_background_color=&#8221;#9ac43c&#8221; image_icon_width=&#8221;40px&#8221; _builder_version=&#8221;4.16&#8243; header_level=&#8221;h2&#8243; header_font=&#8221;Lato|900||on|||||&#8221; header_text_color=&#8221;#4f4f4f&#8221; header_font_size=&#8221;18px&#8221; header_letter_spacing=&#8221;1px&#8221; header_line_height=&#8221;1.4em&#8221; body_font=&#8221;Lato||||||||&#8221; body_text_color=&#8221;#606060&#8243; body_font_size=&#8221;17px&#8221; body_line_height=&#8221;1.4em&#8221; background_color=&#8221;#ffffff&#8221; image_icon_custom_padding=&#8221;25px|25px|25px|25px|false|false&#8221; text_orientation=&#8221;center&#8221; min_height=&#8221;343px&#8221; custom_margin=&#8221;||0px||false|false&#8221; custom_padding=&#8221;23px|40px|31px|40px|false|false&#8221; animation=&#8221;off&#8221; border_radii=&#8221;on|10px|10px|10px|10px&#8221; border_color_all=&#8221;#9ac43c&#8221; border_width_top=&#8221;10px&#8221; border_radii_image=&#8221;on|100%|100%|100%|100%&#8221; box_shadow_style=&#8221;preset2&#8243; box_shadow_horizontal=&#8221;0px&#8221; box_shadow_blur=&#8221;54px&#8221; box_shadow_spread=&#8221;17px&#8221; box_shadow_color=&#8221;rgba(0,0,0,0.04)&#8221; icon_font_size=&#8221;40px&#8221; use_circle=&#8221;on&#8221; circle_color=&#8221;#9ac43c&#8221; global_colors_info=&#8221;{}&#8221; image_icon_background_color__sticky_enabled=&#8221;#6d8d2c&#8221; image_icon_background_color__sticky=&#8221;#6d8d2c&#8221;]<\/p>\n<p style=\"text-align: left;\">Ich bin eine herzliche, lustige, emotionale und bodenst\u00e4ndige Frau, arbeite sehr genau, intuitiv und kreativ. Ich liebe mein Leben und bin immer wieder erstaunt, was es alles an Sch\u00f6nheiten, neuen Erfahrungen und Herausforderungen f\u00fcr mich zu bieten hat.<\/p>\n<p>[\/et_pb_blurb][\/et_pb_column][\/et_pb_row][et_pb_row _builder_version=&#8221;4.16&#8243; global_colors_info=&#8221;{}&#8221;][et_pb_column type=&#8221;4_4&#8243; _builder_version=&#8221;4.16&#8243; global_colors_info=&#8221;{}&#8221;][\/et_pb_column][\/et_pb_row][et_pb_row column_structure=&#8221;3_5,2_5&#8243; _builder_version=&#8221;4.16&#8243; custom_margin=&#8221;||-20px||false|false&#8221; custom_padding=&#8221;18px|||||&#8221; global_colors_info=&#8221;{}&#8221;][et_pb_column type=&#8221;3_5&#8243; _builder_version=&#8221;4.16&#8243; custom_padding=&#8221;1px|||&#8221; global_colors_info=&#8221;{}&#8221; custom_padding__hover=&#8221;|||&#8221;][et_pb_cta title=&#8221;Ich bin NADIN mACH&#8221; button_url=&#8221;#&#8221; _builder_version=&#8221;4.16&#8243; header_level=&#8221;h1&#8243; header_font=&#8221;Lato|900||on|||||&#8221; header_text_color=&#8221;#9ac43c&#8221; header_font_size=&#8221;30px&#8221; header_letter_spacing=&#8221;2px&#8221; header_line_height=&#8221;1.3em&#8221; body_font=&#8221;Lato||||||||&#8221; body_text_color=&#8221;#424242&#8243; body_font_size=&#8221;18px&#8221; body_line_height=&#8221;1.4em&#8221; use_background_color=&#8221;off&#8221; custom_button=&#8221;on&#8221; button_text_size=&#8221;16px&#8221; button_text_color=&#8221;#ffffff&#8221; button_bg_color=&#8221;#18a529&#8243; button_border_width=&#8221;6px&#8221; button_border_color=&#8221;#18a529&#8243; button_border_radius=&#8221;5px&#8221; button_letter_spacing=&#8221;2px&#8221; button_font=&#8221;Lato|900||on|||||&#8221; text_orientation=&#8221;left&#8221; max_width=&#8221;750px&#8221; module_alignment=&#8221;center&#8221; custom_margin=&#8221;|-74px||||&#8221; animation_style=&#8221;fold&#8221; animation_intensity_fold=&#8221;16%&#8221; header_font_size_tablet=&#8221;30px&#8221; header_font_size_phone=&#8221;30px&#8221; header_font_size_last_edited=&#8221;on|tablet&#8221; box_shadow_style_button=&#8221;preset3&#8243; box_shadow_blur_button=&#8221;30px&#8221; box_shadow_spread_button=&#8221;8px&#8221; box_shadow_color_button=&#8221;rgba(250,127,40,0.15)&#8221; button_letter_spacing_hover=&#8221;2px&#8221; global_colors_info=&#8221;{}&#8221; button_text_size__hover_enabled=&#8221;off&#8221; button_one_text_size__hover_enabled=&#8221;off&#8221; button_two_text_size__hover_enabled=&#8221;off&#8221; button_text_color__hover_enabled=&#8221;off&#8221; button_one_text_color__hover_enabled=&#8221;off&#8221; button_two_text_color__hover_enabled=&#8221;off&#8221; button_border_width__hover_enabled=&#8221;off&#8221; button_one_border_width__hover_enabled=&#8221;off&#8221; button_two_border_width__hover_enabled=&#8221;off&#8221; button_border_color__hover_enabled=&#8221;off&#8221; button_one_border_color__hover_enabled=&#8221;off&#8221; button_two_border_color__hover_enabled=&#8221;off&#8221; button_border_radius__hover_enabled=&#8221;off&#8221; button_one_border_radius__hover_enabled=&#8221;off&#8221; button_two_border_radius__hover_enabled=&#8221;off&#8221; button_letter_spacing__hover_enabled=&#8221;on&#8221; button_letter_spacing__hover=&#8221;2px&#8221; button_one_letter_spacing__hover_enabled=&#8221;off&#8221; button_two_letter_spacing__hover_enabled=&#8221;off&#8221; button_bg_color__hover_enabled=&#8221;off&#8221; button_one_bg_color__hover_enabled=&#8221;off&#8221; button_two_bg_color__hover_enabled=&#8221;off&#8221;]<\/p>\n<p>&nbsp;<\/p>\n<p>Heilmasseurin, S\u00fcdtirolerin mit Herz, Humor und richtig guaten H\u00e4nd! \ud83d\ude09<\/p>\n<p>\u00a0<strong>Meine Schwerpunkte:<\/strong><\/p>\n<ul>\n<li>Klassische Massage<\/li>\n<li>Manuelle Lymphdrainage<\/li>\n<li>Triggerpunktmassage<\/li>\n<li>Low Level Lasertherapie und<\/li>\n<li>Lomi Lomi Nui (a bisserl Hawai f\u00fcr die Seele)<\/li>\n<\/ul>\n<p>[\/et_pb_cta][\/et_pb_column][et_pb_column type=&#8221;2_5&#8243; _builder_version=&#8221;4.16&#8243; global_colors_info=&#8221;{}&#8221;][et_pb_image src=&#8221;https:\/\/www.angelika-kemeter.at\/startseite\/wp-content\/uploads\/2026\/03\/Nadin_rund.png&#8221; title_text=&#8221;Nadin_rund&#8221; _builder_version=&#8221;4.25.1&#8243; _module_preset=&#8221;default&#8221; global_colors_info=&#8221;{}&#8221;][\/et_pb_image][\/et_pb_column][\/et_pb_row][et_pb_row _builder_version=&#8221;4.16&#8243; global_colors_info=&#8221;{}&#8221;][et_pb_column type=&#8221;4_4&#8243; _builder_version=&#8221;4.16&#8243; global_colors_info=&#8221;{}&#8221;][\/et_pb_column][\/et_pb_row][\/et_pb_section][et_pb_section fb_built=&#8221;1&#8243; fullwidth=&#8221;on&#8221; _builder_version=&#8221;4.16&#8243; width=&#8221;100%&#8221; max_width=&#8221;100%&#8221; module_alignment=&#8221;center&#8221; custom_margin=&#8221;||||false|false&#8221; custom_padding=&#8221;10px|10px|10px|10px|false|false&#8221; border_color_all=&#8221;#9ac43b&#8221; border_width_top=&#8221;3px&#8221; border_width_right=&#8221;0px&#8221; border_width_bottom=&#8221;11px&#8221; border_width_left=&#8221;0px&#8221; global_colors_info=&#8221;{}&#8221;][et_pb_fullwidth_menu menu_id=&#8221;10&#8243; submenu_direction=&#8221;upwards&#8221; fullwidth_menu=&#8221;on&#8221; dropdown_menu_bg_color=&#8221;#FFFFFF&#8221; dropdown_menu_line_color=&#8221;#ffffff&#8221; dropdown_menu_text_color=&#8221;#6b8c2c&#8221; dropdown_menu_active_link_color=&#8221;#9ac43b&#8221; mobile_menu_bg_color=&#8221;#FFFFFF&#8221; mobile_menu_text_color=&#8221;#9ac43b&#8221; logo=&#8221;https:\/\/www.angelika-kemeter.at\/startseite\/wp-content\/uploads\/2016\/02\/Logo_Final-300&#215;110.jpg&#8221; _builder_version=&#8221;4.16&#8243; menu_font=&#8221;|||on|||||&#8221; menu_text_color=&#8221;#6b8c2c&#8221; menu_font_size=&#8221;16px&#8221; text_orientation=&#8221;right&#8221; border_color_all=&#8221;#9ac43b&#8221; border_style_all=&#8221;dotted&#8221; global_colors_info=&#8221;{}&#8221;][\/et_pb_fullwidth_menu][\/et_pb_section]<\/p>\n","protected":false},"excerpt":{"rendered":"<p>Ich wurde 1972 Graz geboren und bin in der Steiermark aufgewachsen. Auf Grund meiner touristisch\/kaufm\u00e4nnischen Ausbildung hat es mich erst einmal nach Wien verschlagen, danach folgten einige Stationen im Burgenland und schlie\u00dflich bin ich in Bruderndorf in Nieder\u00f6sterreich sesshaft geworden. Ich war lange Zeit auf der Suche nach mir selbst und habe mit Mitte Drei\u00dfig, [&hellip;]<\/p>\n","protected":false},"author":2,"featured_media":0,"parent":0,"menu_order":0,"comment_status":"closed","ping_status":"closed","template":"page-template-blank.php","meta":{"_et_pb_use_builder":"on","_et_pb_old_content":"","_et_gb_content_width":"","footnotes":"","_links_to":"","_links_to_target":""},"yoast_head":"<!-- This site is optimized with the Yoast SEO plugin v24.5 - https:\/\/yoast.com\/wordpress\/plugins\/seo\/ -->\n<title>\u00dcber uns - Angelika Kemeter Heilmassage und Therapie<\/title>\n<meta name=\"robots\" content=\"index, follow, max-snippet:-1, max-image-preview:large, max-video-preview:-1\" \/>\n<link rel=\"canonical\" href=\"https:\/\/www.angelika-kemeter.at\/startseite\/ueber-uns\/\" \/>\n<meta property=\"og:locale\" content=\"en_US\" \/>\n<meta property=\"og:type\" content=\"article\" \/>\n<meta property=\"og:title\" content=\"\u00dcber uns - Angelika Kemeter Heilmassage und Therapie\" \/>\n<meta property=\"og:description\" content=\"Ich wurde 1972 Graz geboren und bin in der Steiermark aufgewachsen. Auf Grund meiner touristisch\/kaufm\u00e4nnischen Ausbildung hat es mich erst einmal nach Wien verschlagen, danach folgten einige Stationen im Burgenland und schlie\u00dflich bin ich in Bruderndorf in Nieder\u00f6sterreich sesshaft geworden. Ich war lange Zeit auf der Suche nach mir selbst und habe mit Mitte Drei\u00dfig, [&hellip;]\" \/>\n<meta property=\"og:url\" content=\"https:\/\/www.angelika-kemeter.at\/startseite\/ueber-uns\/\" \/>\n<meta property=\"og:site_name\" content=\"Angelika Kemeter Heilmassage und Therapie\" \/>\n<meta property=\"article:publisher\" content=\"https:\/\/www.facebook.com\/AngelikaKemeter\/\" \/>\n<meta property=\"article:modified_time\" content=\"2026-03-18T14:51:08+00:00\" \/>\n<meta name=\"twitter:card\" content=\"summary_large_image\" \/>\n<meta name=\"twitter:label1\" content=\"Est. reading time\" \/>\n\t<meta name=\"twitter:data1\" content=\"9 minutes\" \/>\n<script type=\"application\/ld+json\" class=\"yoast-schema-graph\">{\"@context\":\"https:\/\/schema.org\",\"@graph\":[{\"@type\":\"WebPage\",\"@id\":\"https:\/\/www.angelika-kemeter.at\/startseite\/ueber-uns\/\",\"url\":\"https:\/\/www.angelika-kemeter.at\/startseite\/ueber-uns\/\",\"name\":\"\u00dcber uns - Angelika Kemeter Heilmassage und Therapie\",\"isPartOf\":{\"@id\":\"https:\/\/www.angelika-kemeter.at\/startseite\/#website\"},\"datePublished\":\"2020-01-10T11:46:13+00:00\",\"dateModified\":\"2026-03-18T14:51:08+00:00\",\"breadcrumb\":{\"@id\":\"https:\/\/www.angelika-kemeter.at\/startseite\/ueber-uns\/#breadcrumb\"},\"inLanguage\":\"en-US\",\"potentialAction\":[{\"@type\":\"ReadAction\",\"target\":[\"https:\/\/www.angelika-kemeter.at\/startseite\/ueber-uns\/\"]}]},{\"@type\":\"BreadcrumbList\",\"@id\":\"https:\/\/www.angelika-kemeter.at\/startseite\/ueber-uns\/#breadcrumb\",\"itemListElement\":[{\"@type\":\"ListItem\",\"position\":1,\"name\":\"Home\",\"item\":\"https:\/\/www.angelika-kemeter.at\/startseite\/\"},{\"@type\":\"ListItem\",\"position\":2,\"name\":\"\u00dcber uns\"}]},{\"@type\":\"WebSite\",\"@id\":\"https:\/\/www.angelika-kemeter.at\/startseite\/#website\",\"url\":\"https:\/\/www.angelika-kemeter.at\/startseite\/\",\"name\":\"Angelika Kemeter Heilmassage und Therapie\",\"description\":\"Heilmassage  Gewerbliche Massage Cranio Sakrale Therapie\",\"potentialAction\":[{\"@type\":\"SearchAction\",\"target\":{\"@type\":\"EntryPoint\",\"urlTemplate\":\"https:\/\/www.angelika-kemeter.at\/startseite\/?s={search_term_string}\"},\"query-input\":{\"@type\":\"PropertyValueSpecification\",\"valueRequired\":true,\"valueName\":\"search_term_string\"}}],\"inLanguage\":\"en-US\"}]}<\/script>\n<!-- \/ Yoast SEO plugin. -->","yoast_head_json":{"title":"\u00dcber uns - Angelika Kemeter Heilmassage und Therapie","robots":{"index":"index","follow":"follow","max-snippet":"max-snippet:-1","max-image-preview":"max-image-preview:large","max-video-preview":"max-video-preview:-1"},"canonical":"https:\/\/www.angelika-kemeter.at\/startseite\/ueber-uns\/","og_locale":"en_US","og_type":"article","og_title":"\u00dcber uns - Angelika Kemeter Heilmassage und Therapie","og_description":"Ich wurde 1972 Graz geboren und bin in der Steiermark aufgewachsen. Auf Grund meiner touristisch\/kaufm\u00e4nnischen Ausbildung hat es mich erst einmal nach Wien verschlagen, danach folgten einige Stationen im Burgenland und schlie\u00dflich bin ich in Bruderndorf in Nieder\u00f6sterreich sesshaft geworden. Ich war lange Zeit auf der Suche nach mir selbst und habe mit Mitte Drei\u00dfig, [&hellip;]","og_url":"https:\/\/www.angelika-kemeter.at\/startseite\/ueber-uns\/","og_site_name":"Angelika Kemeter Heilmassage und Therapie","article_publisher":"https:\/\/www.facebook.com\/AngelikaKemeter\/","article_modified_time":"2026-03-18T14:51:08+00:00","twitter_card":"summary_large_image","twitter_misc":{"Est. reading time":"9 minutes"},"schema":{"@context":"https:\/\/schema.org","@graph":[{"@type":"WebPage","@id":"https:\/\/www.angelika-kemeter.at\/startseite\/ueber-uns\/","url":"https:\/\/www.angelika-kemeter.at\/startseite\/ueber-uns\/","name":"\u00dcber uns - Angelika Kemeter Heilmassage und Therapie","isPartOf":{"@id":"https:\/\/www.angelika-kemeter.at\/startseite\/#website"},"datePublished":"2020-01-10T11:46:13+00:00","dateModified":"2026-03-18T14:51:08+00:00","breadcrumb":{"@id":"https:\/\/www.angelika-kemeter.at\/startseite\/ueber-uns\/#breadcrumb"},"inLanguage":"en-US","potentialAction":[{"@type":"ReadAction","target":["https:\/\/www.angelika-kemeter.at\/startseite\/ueber-uns\/"]}]},{"@type":"BreadcrumbList","@id":"https:\/\/www.angelika-kemeter.at\/startseite\/ueber-uns\/#breadcrumb","itemListElement":[{"@type":"ListItem","position":1,"name":"Home","item":"https:\/\/www.angelika-kemeter.at\/startseite\/"},{"@type":"ListItem","position":2,"name":"\u00dcber uns"}]},{"@type":"WebSite","@id":"https:\/\/www.angelika-kemeter.at\/startseite\/#website","url":"https:\/\/www.angelika-kemeter.at\/startseite\/","name":"Angelika Kemeter Heilmassage und Therapie","description":"Heilmassage  Gewerbliche Massage Cranio Sakrale Therapie","potentialAction":[{"@type":"SearchAction","target":{"@type":"EntryPoint","urlTemplate":"https:\/\/www.angelika-kemeter.at\/startseite\/?s={search_term_string}"},"query-input":{"@type":"PropertyValueSpecification","valueRequired":true,"valueName":"search_term_string"}}],"inLanguage":"en-US"}]}},"_links":{"self":[{"href":"https:\/\/www.angelika-kemeter.at\/startseite\/wp-json\/wp\/v2\/pages\/1350"}],"collection":[{"href":"https:\/\/www.angelika-kemeter.at\/startseite\/wp-json\/wp\/v2\/pages"}],"about":[{"href":"https:\/\/www.angelika-kemeter.at\/startseite\/wp-json\/wp\/v2\/types\/page"}],"author":[{"embeddable":true,"href":"https:\/\/www.angelika-kemeter.at\/startseite\/wp-json\/wp\/v2\/users\/2"}],"replies":[{"embeddable":true,"href":"https:\/\/www.angelika-kemeter.at\/startseite\/wp-json\/wp\/v2\/comments?post=1350"}],"version-history":[{"count":0,"href":"https:\/\/www.angelika-kemeter.at\/startseite\/wp-json\/wp\/v2\/pages\/1350\/revisions"}],"wp:attachment":[{"href":"https:\/\/www.angelika-kemeter.at\/startseite\/wp-json\/wp\/v2\/media?parent=1350"}],"curies":[{"name":"wp","href":"https:\/\/api.w.org\/{rel}","templated":true}]}}