{"id":506,"date":"2016-02-13T11:38:03","date_gmt":"2016-02-13T10:38:03","guid":{"rendered":"http:\/\/www.angelika-kemeter.at\/startseite\/?page_id=506"},"modified":"2021-03-19T12:17:36","modified_gmt":"2021-03-19T11:17:36","slug":"impressum","status":"publish","type":"page","link":"https:\/\/www.angelika-kemeter.at\/startseite\/impressum\/","title":{"rendered":"Impressum"},"content":{"rendered":"<p>[et_pb_section fb_built=&#8221;1&#8243; fullwidth=&#8221;on&#8221; _builder_version=&#8221;4.1&#8243;][et_pb_fullwidth_menu menu_style=&#8221;centered&#8221; fullwidth_menu=&#8221;on&#8221; dropdown_menu_bg_color=&#8221;#FFFFFF&#8221; dropdown_menu_line_color=&#8221;#ffffff&#8221; dropdown_menu_text_color=&#8221;#6b8c2c&#8221; dropdown_menu_active_link_color=&#8221;#9ac43b&#8221; mobile_menu_bg_color=&#8221;#FFFFFF&#8221; mobile_menu_text_color=&#8221;#9ac43b&#8221; logo=&#8221;https:\/\/www.angelika-kemeter.at\/startseite\/wp-content\/uploads\/2016\/02\/Logo_Final-300&#215;110.jpg&#8221; logo_max_height=&#8221;200px&#8221; _builder_version=&#8221;4.1&#8243; menu_font=&#8221;|||on|||||&#8221; menu_text_color=&#8221;#6b8c2c&#8221; menu_font_size=&#8221;16px&#8221; custom_margin=&#8221;7px||||false|false&#8221; border_color_all=&#8221;#9ac43b&#8221; border_style_all=&#8221;dotted&#8221;][\/et_pb_fullwidth_menu][\/et_pb_section][et_pb_section fb_built=&#8221;1&#8243; admin_label=&#8221;section&#8221; _builder_version=&#8221;3.22&#8243; custom_padding=&#8221;1px||15px|||&#8221;][et_pb_row admin_label=&#8221;row&#8221; _builder_version=&#8221;3.25&#8243; background_size=&#8221;initial&#8221; background_position=&#8221;top_left&#8221; background_repeat=&#8221;repeat&#8221;][et_pb_column type=&#8221;4_4&#8243; _builder_version=&#8221;3.25&#8243; custom_padding=&#8221;|||&#8221; custom_padding__hover=&#8221;|||&#8221;][et_pb_text _builder_version=&#8221;4.1&#8243; text_font=&#8221;Lato||||||||&#8221; text_text_color=&#8221;#606060&#8243; text_font_size=&#8221;18px&#8221; text_line_height=&#8221;1.4em&#8221; header_font=&#8221;||||||||&#8221; header_2_font=&#8221;Lato|700|||||||&#8221; header_2_text_color=&#8221;#9ac33c&#8221; header_2_font_size=&#8221;30px&#8221; header_2_line_height=&#8221;0.7em&#8221; header_3_font=&#8221;||on||||||&#8221; header_3_text_color=&#8221;#9ac33c&#8221; text_orientation=&#8221;center&#8221; max_width=&#8221;623px&#8221; module_alignment=&#8221;left&#8221; custom_margin=&#8221;30px||||false|false&#8221; custom_padding=&#8221;||0px||false|false&#8221; header_2_font_size_tablet=&#8221;&#8221; header_2_font_size_phone=&#8221;&#8221; header_2_font_size_last_edited=&#8221;on|desktop&#8221; header_3_font_size_tablet=&#8221;&#8221; header_3_font_size_phone=&#8221;&#8221; header_3_font_size_last_edited=&#8221;on|phone&#8221; locked=&#8221;off&#8221;]<\/p>\n<h2 style=\"text-align: left;\">Impressum<\/h2>\n<p style=\"text-align: left;\">[\/et_pb_text][\/et_pb_column][\/et_pb_row][et_pb_row admin_label=&#8221;row&#8221; _builder_version=&#8221;3.25&#8243; background_size=&#8221;initial&#8221; background_position=&#8221;top_left&#8221; background_repeat=&#8221;repeat&#8221;][et_pb_column type=&#8221;4_4&#8243; _builder_version=&#8221;3.25&#8243; custom_padding=&#8221;|||&#8221; custom_padding__hover=&#8221;|||&#8221;][et_pb_text admin_label=&#8221;Text&#8221; _builder_version=&#8221;4.1&#8243; text_font=&#8221;Lato||||||||&#8221; text_text_color=&#8221;#494949&#8243; text_font_size=&#8221;18&#8243; text_line_height=&#8221;1.4em&#8221; background_size=&#8221;initial&#8221; background_position=&#8221;top_left&#8221; background_repeat=&#8221;repeat&#8221; use_border_color=&#8221;off&#8221; border_color=&#8221;#ffffff&#8221; border_style=&#8221;solid&#8221;]<\/p>\n<p><strong>Inhaberin: Angelika Kemeter<br \/><\/strong><span class=\"s1\">freiberufliche Heilmasseurin &amp; gewerbliche Masseurin<\/span><\/p>\n<p><strong>Firmensitz:<br \/><\/strong>Praxis\u00a0Im Einklang<br \/>Dietrichgasse 16, Stiege 1A, Top 5<strong><br \/><\/strong>1030 Wien<br \/>Mobil: +43 (0)676 \/ \u00a0726 50 73<br \/>E-mail: <a href=\"mailto:office@angelika-kemeter.at\">office@angelika-kemeter.at<\/a><br \/>Internet: <a href=\"http:\/\/www.angelika-kemeter.at\" target=\"_blank\" rel=\"noopener noreferrer\">www.angelika-kemeter.at<\/a><\/p>\n<p><strong>Design &amp; Layout:<\/strong> Barbara Priesching \u00a0\u2013 Locker flockig WEB PRINT MEDIA ,<br \/>Agentur\u00a0f\u00fcr Web, Print &amp; Marketing\u00a0<a href=\"http:\/\/www.lockerflockig.at\" target=\"_blank\" rel=\"noopener noreferrer\">www.lockerflockig.at<\/a><\/p>\n<p><strong>Bildquelle:<\/strong>\u00a0Fotos: copyright\u00a0Angelika Kemeter \/ Pixabay<br \/>Potraitfoto Magdalena Mitter : <span>Andrea Sojka Fotografie<br \/>Brustgraphiken: Heike Eberhart-Hirschmann<\/span><\/p>\n<p><strong>Datenschutzgrundverordung per 25.5.2018:<\/strong>\u00a0<a href=\"https:\/\/www.angelika-kemeter.at\/startseite\/wp-content\/uploads\/2018\/05\/DSVGO_25052018.pdf\">DSVGO_25052018<\/a><\/p>\n<p><strong>Tippfehler und \u00c4nderungen vorbehalten.<\/strong><\/p>\n<p>Im Sinne der besseren Lesbarkeit haben wir auf die geschlechterspezifische Formulierung verzichtet. Wir \u00fcbernehmen keine Haftung f\u00fcr den Inhalt von Webseiten unserer Kooperationspartner oder anderer externer Links. F\u00fcr den Inhalt der verlinkten Seiten sind ausschlie\u00dflich deren Betreiber verantwortlich. S\u00e4mtliche Informationen, Dokumente, Artikel und Fotografien auf dieser Webseite unterliegen dem Copyright und sind urheberrechtlich gesch\u00fctzt. Jegliche Weiterverwendung bedarf der ausdr\u00fccklichen Genehmigung. Alle Rechte bleiben vorbehalten.<\/p>\n<p>[\/et_pb_text][\/et_pb_column][\/et_pb_row][\/et_pb_section][et_pb_section fb_built=&#8221;1&#8243; fullwidth=&#8221;on&#8221; _builder_version=&#8221;4.1&#8243;][et_pb_fullwidth_menu menu_id=&#8221;10&#8243; submenu_direction=&#8221;upwards&#8221; fullwidth_menu=&#8221;on&#8221; dropdown_menu_bg_color=&#8221;#FFFFFF&#8221; dropdown_menu_line_color=&#8221;#ffffff&#8221; dropdown_menu_text_color=&#8221;#6b8c2c&#8221; dropdown_menu_active_link_color=&#8221;#9ac43b&#8221; mobile_menu_bg_color=&#8221;#FFFFFF&#8221; mobile_menu_text_color=&#8221;#9ac43b&#8221; logo=&#8221;https:\/\/www.angelika-kemeter.at\/startseite\/wp-content\/uploads\/2016\/02\/Logo_Final-300&#215;110.jpg&#8221; _builder_version=&#8221;4.1&#8243; menu_font=&#8221;|||on|||||&#8221; menu_text_color=&#8221;#6b8c2c&#8221; menu_font_size=&#8221;16px&#8221; text_orientation=&#8221;right&#8221; custom_padding=&#8221;10px||10px||false|false&#8221; border_color_all=&#8221;#9ac43b&#8221; border_style_all=&#8221;dotted&#8221; border_width_top=&#8221;2px&#8221; border_style_top=&#8221;solid&#8221; border_width_bottom=&#8221;13px&#8221; border_style_bottom=&#8221;solid&#8221;][\/et_pb_fullwidth_menu][\/et_pb_section]<\/p>\n","protected":false},"excerpt":{"rendered":"<p>Impressum Inhaberin: Angelika Kemeterfreiberufliche Heilmasseurin &amp; gewerbliche Masseurin Firmensitz:Praxis\u00a0Im EinklangDietrichgasse 16, Stiege 1A, Top 51030 WienMobil: +43 (0)676 \/ \u00a0726 50 73E-mail: office@angelika-kemeter.atInternet: www.angelika-kemeter.at Design &amp; Layout: Barbara Priesching \u00a0\u2013 Locker flockig WEB PRINT MEDIA ,Agentur\u00a0f\u00fcr Web, Print &amp; Marketing\u00a0www.lockerflockig.at Bildquelle:\u00a0Fotos: copyright\u00a0Angelika Kemeter \/ PixabayPotraitfoto Magdalena Mitter : Andrea Sojka FotografieBrustgraphiken: Heike Eberhart-Hirschmann Datenschutzgrundverordung per [&hellip;]<\/p>\n","protected":false},"author":2,"featured_media":0,"parent":0,"menu_order":0,"comment_status":"closed","ping_status":"closed","template":"page-template-blank.php","meta":{"_et_pb_use_builder":"on","_et_pb_old_content":"","_et_gb_content_width":"","footnotes":"","_links_to":"","_links_to_target":""},"class_list":["post-506","page","type-page","status-publish","hentry"],"yoast_head":"<!-- This site is optimized with the Yoast SEO plugin v27.6 - https:\/\/yoast.com\/product\/yoast-seo-wordpress\/ -->\n<title>Impressum - Angelika Kemeter Heilmassage und Therapie<\/title>\n<meta name=\"description\" content=\"Wichtige Unternehmensdaten und Informationen betreffend Gewerbe, Copyright, Bildquellen, Design und Layout sowie Standorte\" \/>\n<meta name=\"robots\" content=\"index, follow, max-snippet:-1, max-image-preview:large, max-video-preview:-1\" \/>\n<link rel=\"canonical\" href=\"https:\/\/www.angelika-kemeter.at\/startseite\/impressum\/\" \/>\n<meta property=\"og:locale\" content=\"en_US\" \/>\n<meta property=\"og:type\" content=\"article\" \/>\n<meta property=\"og:title\" content=\"Impressum - Angelika Kemeter Heilmassage und Therapie\" \/>\n<meta property=\"og:description\" content=\"Wichtige Unternehmensdaten und Informationen betreffend Gewerbe, Copyright, Bildquellen, Design und Layout sowie Standorte\" \/>\n<meta property=\"og:url\" content=\"https:\/\/www.angelika-kemeter.at\/startseite\/impressum\/\" \/>\n<meta property=\"og:site_name\" content=\"Angelika Kemeter Heilmassage und Therapie\" \/>\n<meta property=\"article:publisher\" content=\"https:\/\/www.facebook.com\/AngelikaKemeter\/\" \/>\n<meta property=\"article:modified_time\" content=\"2021-03-19T11:17:36+00:00\" \/>\n<meta name=\"twitter:card\" content=\"summary_large_image\" \/>\n<meta name=\"twitter:label1\" content=\"Est. reading time\" \/>\n\t<meta name=\"twitter:data1\" content=\"3 minutes\" \/>\n<script type=\"application\/ld+json\" class=\"yoast-schema-graph\">{\"@context\":\"https:\\\/\\\/schema.org\",\"@graph\":[{\"@type\":\"WebPage\",\"@id\":\"https:\\\/\\\/www.angelika-kemeter.at\\\/startseite\\\/impressum\\\/\",\"url\":\"https:\\\/\\\/www.angelika-kemeter.at\\\/startseite\\\/impressum\\\/\",\"name\":\"Impressum - Angelika Kemeter Heilmassage und Therapie\",\"isPartOf\":{\"@id\":\"https:\\\/\\\/www.angelika-kemeter.at\\\/startseite\\\/#website\"},\"datePublished\":\"2016-02-13T10:38:03+00:00\",\"dateModified\":\"2021-03-19T11:17:36+00:00\",\"description\":\"Wichtige Unternehmensdaten und Informationen betreffend Gewerbe, Copyright, Bildquellen, Design und Layout sowie Standorte\",\"breadcrumb\":{\"@id\":\"https:\\\/\\\/www.angelika-kemeter.at\\\/startseite\\\/impressum\\\/#breadcrumb\"},\"inLanguage\":\"en-US\",\"potentialAction\":[{\"@type\":\"ReadAction\",\"target\":[\"https:\\\/\\\/www.angelika-kemeter.at\\\/startseite\\\/impressum\\\/\"]}]},{\"@type\":\"BreadcrumbList\",\"@id\":\"https:\\\/\\\/www.angelika-kemeter.at\\\/startseite\\\/impressum\\\/#breadcrumb\",\"itemListElement\":[{\"@type\":\"ListItem\",\"position\":1,\"name\":\"Home\",\"item\":\"https:\\\/\\\/www.angelika-kemeter.at\\\/startseite\\\/\"},{\"@type\":\"ListItem\",\"position\":2,\"name\":\"Impressum\"}]},{\"@type\":\"WebSite\",\"@id\":\"https:\\\/\\\/www.angelika-kemeter.at\\\/startseite\\\/#website\",\"url\":\"https:\\\/\\\/www.angelika-kemeter.at\\\/startseite\\\/\",\"name\":\"Angelika Kemeter Heilmassage und Therapie\",\"description\":\"Heilmassage  Gewerbliche Massage Cranio Sakrale Therapie\",\"potentialAction\":[{\"@type\":\"SearchAction\",\"target\":{\"@type\":\"EntryPoint\",\"urlTemplate\":\"https:\\\/\\\/www.angelika-kemeter.at\\\/startseite\\\/?s={search_term_string}\"},\"query-input\":{\"@type\":\"PropertyValueSpecification\",\"valueRequired\":true,\"valueName\":\"search_term_string\"}}],\"inLanguage\":\"en-US\"}]}<\/script>\n<!-- \/ Yoast SEO plugin. -->","yoast_head_json":{"title":"Impressum - Angelika Kemeter Heilmassage und Therapie","description":"Wichtige Unternehmensdaten und Informationen betreffend Gewerbe, Copyright, Bildquellen, Design und Layout sowie Standorte","robots":{"index":"index","follow":"follow","max-snippet":"max-snippet:-1","max-image-preview":"max-image-preview:large","max-video-preview":"max-video-preview:-1"},"canonical":"https:\/\/www.angelika-kemeter.at\/startseite\/impressum\/","og_locale":"en_US","og_type":"article","og_title":"Impressum - Angelika Kemeter Heilmassage und Therapie","og_description":"Wichtige Unternehmensdaten und Informationen betreffend Gewerbe, Copyright, Bildquellen, Design und Layout sowie Standorte","og_url":"https:\/\/www.angelika-kemeter.at\/startseite\/impressum\/","og_site_name":"Angelika Kemeter Heilmassage und Therapie","article_publisher":"https:\/\/www.facebook.com\/AngelikaKemeter\/","article_modified_time":"2021-03-19T11:17:36+00:00","twitter_card":"summary_large_image","twitter_misc":{"Est. reading time":"3 minutes"},"schema":{"@context":"https:\/\/schema.org","@graph":[{"@type":"WebPage","@id":"https:\/\/www.angelika-kemeter.at\/startseite\/impressum\/","url":"https:\/\/www.angelika-kemeter.at\/startseite\/impressum\/","name":"Impressum - Angelika Kemeter Heilmassage und Therapie","isPartOf":{"@id":"https:\/\/www.angelika-kemeter.at\/startseite\/#website"},"datePublished":"2016-02-13T10:38:03+00:00","dateModified":"2021-03-19T11:17:36+00:00","description":"Wichtige Unternehmensdaten und Informationen betreffend Gewerbe, Copyright, Bildquellen, Design und Layout sowie Standorte","breadcrumb":{"@id":"https:\/\/www.angelika-kemeter.at\/startseite\/impressum\/#breadcrumb"},"inLanguage":"en-US","potentialAction":[{"@type":"ReadAction","target":["https:\/\/www.angelika-kemeter.at\/startseite\/impressum\/"]}]},{"@type":"BreadcrumbList","@id":"https:\/\/www.angelika-kemeter.at\/startseite\/impressum\/#breadcrumb","itemListElement":[{"@type":"ListItem","position":1,"name":"Home","item":"https:\/\/www.angelika-kemeter.at\/startseite\/"},{"@type":"ListItem","position":2,"name":"Impressum"}]},{"@type":"WebSite","@id":"https:\/\/www.angelika-kemeter.at\/startseite\/#website","url":"https:\/\/www.angelika-kemeter.at\/startseite\/","name":"Angelika Kemeter Heilmassage und Therapie","description":"Heilmassage  Gewerbliche Massage Cranio Sakrale Therapie","potentialAction":[{"@type":"SearchAction","target":{"@type":"EntryPoint","urlTemplate":"https:\/\/www.angelika-kemeter.at\/startseite\/?s={search_term_string}"},"query-input":{"@type":"PropertyValueSpecification","valueRequired":true,"valueName":"search_term_string"}}],"inLanguage":"en-US"}]}},"_links":{"self":[{"href":"https:\/\/www.angelika-kemeter.at\/startseite\/wp-json\/wp\/v2\/pages\/506","targetHints":{"allow":["GET"]}}],"collection":[{"href":"https:\/\/www.angelika-kemeter.at\/startseite\/wp-json\/wp\/v2\/pages"}],"about":[{"href":"https:\/\/www.angelika-kemeter.at\/startseite\/wp-json\/wp\/v2\/types\/page"}],"author":[{"embeddable":true,"href":"https:\/\/www.angelika-kemeter.at\/startseite\/wp-json\/wp\/v2\/users\/2"}],"replies":[{"embeddable":true,"href":"https:\/\/www.angelika-kemeter.at\/startseite\/wp-json\/wp\/v2\/comments?post=506"}],"version-history":[{"count":0,"href":"https:\/\/www.angelika-kemeter.at\/startseite\/wp-json\/wp\/v2\/pages\/506\/revisions"}],"wp:attachment":[{"href":"https:\/\/www.angelika-kemeter.at\/startseite\/wp-json\/wp\/v2\/media?parent=506"}],"curies":[{"name":"wp","href":"https:\/\/api.w.org\/{rel}","templated":true}]}}